{"id":7377,"date":"2024-12-04T14:14:11","date_gmt":"2024-12-04T13:14:11","guid":{"rendered":"https:\/\/www.cpm-les-urchons.be\/?page_id=7377"},"modified":"2024-12-11T11:23:13","modified_gmt":"2024-12-11T10:23:13","slug":"vertige","status":"publish","type":"page","link":"https:\/\/www.cpm-les-urchons.be\/index.php\/vertige\/","title":{"rendered":"Vertige"},"content":{"rendered":"\t\t<div data-elementor-type=\"wp-page\" data-elementor-id=\"7377\" class=\"elementor elementor-7377\">\n\t\t\t\t<div class=\"elementor-element elementor-element-8f4c3c0 e-flex e-con-boxed e-con e-parent\" data-id=\"8f4c3c0\" data-element_type=\"container\">\n\t\t\t\t\t<div class=\"e-con-inner\">\n\t\t<div class=\"elementor-element elementor-element-a3548ca e-con-full e-flex e-con e-child\" data-id=\"a3548ca\" data-element_type=\"container\">\n\t\t\t\t<div class=\"elementor-element elementor-element-1998cdf elementor-widget elementor-widget-image\" data-id=\"1998cdf\" data-element_type=\"widget\" data-widget_type=\"image.default\">\n\t\t\t\t<div class=\"elementor-widget-container\">\n\t\t\t<style>\/*! elementor - v3.21.0 - 26-05-2024 *\/\n.elementor-widget-image{text-align:center}.elementor-widget-image a{display:inline-block}.elementor-widget-image a img[src$=\".svg\"]{width:48px}.elementor-widget-image img{vertical-align:middle;display:inline-block}<\/style>\t\t\t\t\t\t\t\t\t\t<img fetchpriority=\"high\" decoding=\"async\" width=\"1024\" height=\"576\" src=\"https:\/\/www.cpm-les-urchons.be\/wp-content\/uploads\/2024\/12\/vertige-1024x576.png\" class=\"attachment-large size-large wp-image-7443\" alt=\"\" srcset=\"https:\/\/www.cpm-les-urchons.be\/wp-content\/uploads\/2024\/12\/vertige-1024x576.png 1024w, https:\/\/www.cpm-les-urchons.be\/wp-content\/uploads\/2024\/12\/vertige-300x169.png 300w, https:\/\/www.cpm-les-urchons.be\/wp-content\/uploads\/2024\/12\/vertige-768x432.png 768w, https:\/\/www.cpm-les-urchons.be\/wp-content\/uploads\/2024\/12\/vertige-600x338.png 600w, https:\/\/www.cpm-les-urchons.be\/wp-content\/uploads\/2024\/12\/vertige.png 1200w\" sizes=\"(max-width: 1024px) 100vw, 1024px\" \/>\t\t\t\t\t\t\t\t\t\t\t\t\t<\/div>\n\t\t\t\t<\/div>\n\t\t\t\t<\/div>\n\t\t<div class=\"elementor-element elementor-element-0314be5 e-con-full e-flex e-con e-child\" data-id=\"0314be5\" data-element_type=\"container\">\n\t\t\t\t<div class=\"elementor-element elementor-element-7e81fa6 elementor-widget elementor-widget-text-editor\" data-id=\"7e81fa6\" data-element_type=\"widget\" data-widget_type=\"text-editor.default\">\n\t\t\t\t<div class=\"elementor-widget-container\">\n\t\t\t<style>\/*! elementor - v3.21.0 - 26-05-2024 *\/\n.elementor-widget-text-editor.elementor-drop-cap-view-stacked .elementor-drop-cap{background-color:#69727d;color:#fff}.elementor-widget-text-editor.elementor-drop-cap-view-framed .elementor-drop-cap{color:#69727d;border:3px solid;background-color:transparent}.elementor-widget-text-editor:not(.elementor-drop-cap-view-default) .elementor-drop-cap{margin-top:8px}.elementor-widget-text-editor:not(.elementor-drop-cap-view-default) .elementor-drop-cap-letter{width:1em;height:1em}.elementor-widget-text-editor .elementor-drop-cap{float:left;text-align:center;line-height:1;font-size:50px}.elementor-widget-text-editor .elementor-drop-cap-letter{display:inline-block}<\/style>\t\t\t\t<h5><span style=\"color: #33cccc;\">LE VERTIGE PAROXYSTIQUE POSITIONNEL BENIN (VPPB)\u200b<\/span><\/h5><p class=\"p1\"><span style=\"color: #000000;\"><i>Le vertige paroxystique positionnel b\u00e9nin (VPPB)<span class=\"Apple-converted-space\">\u00a0 <\/span>est appel\u00e9 aussi la \u00ab\u00a0Cupulolithiase\u00a0\u00bb ou la \u00ab\u00a0Canalolithiase\u00a0\u00bb .<\/i><i><\/i><\/span><\/p><p class=\"p1\"><span style=\"color: #000000;\"><i>Il r\u00e9sulte de la migration des cristaux \u00ab\u00a0Otolithes\u00a0\u00bb sur l&#8217;une des structures de l&#8217;oreille interne qui captent les mouvements de la t\u00eate\u00a0: les canaux semi-circulaires.<\/i><i><\/i><\/span><\/p><p class=\"p1\"><span style=\"color: #000000;\"><i>Anatomiquement, le syst\u00e8me de l&#8217;\u00e9quilibre globalise un syst\u00e8me complexe compos\u00e9 du cerveau, des muscles (la statique), les yeux et l oreille interne.<\/i><i><\/i><\/span><\/p><p class=\"p1\"><span style=\"color: #000000;\"><i>La m\u00e9canique, car c&#8217;est un probl\u00e8me m\u00e9canique, est alors perturb\u00e9e et le message envoy\u00e9 au cerveau est erron\u00e9.<\/i><i><\/i><\/span><\/p><p class=\"p1\"><span style=\"color: #000000;\"><i>C\u2019est le vertige qui s accompagne d un nystagmus des yeux et des naus\u00e9es tr\u00e8s inconfortables.<\/i><i><\/i><\/span><\/p><p class=\"p1\"><span style=\"color: #000000;\"><i>Il touche deux fois plus les femmes que les hommes surtout apr\u00e8s 55 ans.<\/i><i><\/i><\/span><\/p><p class=\"p1\"><span style=\"color: #000000;\"><i>Les crises de vertiges sont de courte dur\u00e9e 5 sec \u00e0 1 min et peuvent dispara\u00eetre,<\/i><i><\/i><\/span><\/p><p class=\"p1\"><span style=\"color: #000000;\"><i>Et elles peuvent r\u00e9appara\u00eetre des semaines, des mois, des ann\u00e9es plus tard.<\/i><i><\/i><\/span><\/p><p class=\"p3\"><span class=\"s1\" style=\"color: #000000;\"><i>ACTIONS SOUHAITEES :<\/i><i><\/i><\/span><\/p><p class=\"p3\"><span style=\"color: #000000;\"><i>Il consiste par l&#8217;ex\u00e9cution de man\u0153uvres dites \u00ab\u00a0 Lib\u00e9ratoires\u00a0\u00bb qui solutionnent le VPPB<\/i><i><\/i><\/span><\/p><p class=\"p5\">\u00a0<\/p>\t\t\t\t\t\t<\/div>\n\t\t\t\t<\/div>\n\t\t\t\t<\/div>\n\t\t\t\t\t<\/div>\n\t\t\t\t<\/div>\n\t\t<div class=\"elementor-element elementor-element-24faa21 e-grid e-con-boxed e-con e-parent\" data-id=\"24faa21\" data-element_type=\"container\">\n\t\t\t\t\t<div class=\"e-con-inner\">\n\t\t\t\t\t<\/div>\n\t\t\t\t<\/div>\n\t\t\t\t<\/div>\n\t\t","protected":false},"excerpt":{"rendered":"<p>LE VERTIGE PAROXYSTIQUE POSITIONNEL BENIN (VPPB)\u200b Le vertige paroxystique positionnel b\u00e9nin (VPPB)\u00a0 est appel\u00e9 aussi la \u00ab\u00a0Cupulolithiase\u00a0\u00bb ou la \u00ab\u00a0Canalolithiase\u00a0\u00bb . Il r\u00e9sulte de la migration des cristaux \u00ab\u00a0Otolithes\u00a0\u00bb sur l&#8217;une des structures de l&#8217;oreille interne qui captent les mouvements de la t\u00eate\u00a0: les canaux semi-circulaires. Anatomiquement, le syst\u00e8me de l&#8217;\u00e9quilibre globalise un syst\u00e8me complexe<\/p>\n","protected":false},"author":1,"featured_media":0,"parent":0,"menu_order":0,"comment_status":"closed","ping_status":"closed","template":"","meta":{"_monsterinsights_skip_tracking":false,"_monsterinsights_sitenote_active":false,"_monsterinsights_sitenote_note":"","_monsterinsights_sitenote_category":0,"footnotes":""},"class_list":["post-7377","page","type-page","status-publish","hentry"],"aioseo_notices":[],"_links":{"self":[{"href":"https:\/\/www.cpm-les-urchons.be\/index.php\/wp-json\/wp\/v2\/pages\/7377","targetHints":{"allow":["GET"]}}],"collection":[{"href":"https:\/\/www.cpm-les-urchons.be\/index.php\/wp-json\/wp\/v2\/pages"}],"about":[{"href":"https:\/\/www.cpm-les-urchons.be\/index.php\/wp-json\/wp\/v2\/types\/page"}],"author":[{"embeddable":true,"href":"https:\/\/www.cpm-les-urchons.be\/index.php\/wp-json\/wp\/v2\/users\/1"}],"replies":[{"embeddable":true,"href":"https:\/\/www.cpm-les-urchons.be\/index.php\/wp-json\/wp\/v2\/comments?post=7377"}],"version-history":[{"count":19,"href":"https:\/\/www.cpm-les-urchons.be\/index.php\/wp-json\/wp\/v2\/pages\/7377\/revisions"}],"predecessor-version":[{"id":7499,"href":"https:\/\/www.cpm-les-urchons.be\/index.php\/wp-json\/wp\/v2\/pages\/7377\/revisions\/7499"}],"wp:attachment":[{"href":"https:\/\/www.cpm-les-urchons.be\/index.php\/wp-json\/wp\/v2\/media?parent=7377"}],"curies":[{"name":"wp","href":"https:\/\/api.w.org\/{rel}","templated":true}]}}