{"id":7175,"date":"2024-10-08T14:19:53","date_gmt":"2024-10-08T12:19:53","guid":{"rendered":"https:\/\/www.cpm-les-urchons.be\/?page_id=7175"},"modified":"2024-12-11T11:32:11","modified_gmt":"2024-12-11T10:32:11","slug":"osteopathie","status":"publish","type":"page","link":"https:\/\/www.cpm-les-urchons.be\/index.php\/osteopathie\/","title":{"rendered":"Ost\u00e9opathie"},"content":{"rendered":"\t\t<div data-elementor-type=\"wp-page\" data-elementor-id=\"7175\" class=\"elementor elementor-7175\">\n\t\t\t\t<div class=\"elementor-element elementor-element-495f54a e-flex e-con-boxed e-con e-parent\" data-id=\"495f54a\" data-element_type=\"container\">\n\t\t\t\t\t<div class=\"e-con-inner\">\n\t\t<div class=\"elementor-element elementor-element-37bc5f5 e-con-full e-flex e-con e-child\" data-id=\"37bc5f5\" data-element_type=\"container\">\n\t\t\t\t<div class=\"elementor-element elementor-element-f5dccea elementor-widget elementor-widget-image\" data-id=\"f5dccea\" data-element_type=\"widget\" data-widget_type=\"image.default\">\n\t\t\t\t<div class=\"elementor-widget-container\">\n\t\t\t<style>\/*! elementor - v3.21.0 - 26-05-2024 *\/\n.elementor-widget-image{text-align:center}.elementor-widget-image a{display:inline-block}.elementor-widget-image a img[src$=\".svg\"]{width:48px}.elementor-widget-image img{vertical-align:middle;display:inline-block}<\/style>\t\t\t\t\t\t\t\t\t\t<img fetchpriority=\"high\" decoding=\"async\" width=\"1024\" height=\"683\" src=\"https:\/\/www.cpm-les-urchons.be\/wp-content\/uploads\/2024\/10\/PHOTO-OSTHEOPATHIE-1-1024x683.jpg\" class=\"attachment-large size-large wp-image-7269\" alt=\"\" srcset=\"https:\/\/www.cpm-les-urchons.be\/wp-content\/uploads\/2024\/10\/PHOTO-OSTHEOPATHIE-1-1024x683.jpg 1024w, https:\/\/www.cpm-les-urchons.be\/wp-content\/uploads\/2024\/10\/PHOTO-OSTHEOPATHIE-1-600x400.jpg 600w, https:\/\/www.cpm-les-urchons.be\/wp-content\/uploads\/2024\/10\/PHOTO-OSTHEOPATHIE-1-300x200.jpg 300w, https:\/\/www.cpm-les-urchons.be\/wp-content\/uploads\/2024\/10\/PHOTO-OSTHEOPATHIE-1-768x512.jpg 768w, https:\/\/www.cpm-les-urchons.be\/wp-content\/uploads\/2024\/10\/PHOTO-OSTHEOPATHIE-1-1536x1024.jpg 1536w, https:\/\/www.cpm-les-urchons.be\/wp-content\/uploads\/2024\/10\/PHOTO-OSTHEOPATHIE-1-2048x1366.jpg 2048w\" sizes=\"(max-width: 1024px) 100vw, 1024px\" \/>\t\t\t\t\t\t\t\t\t\t\t\t\t<\/div>\n\t\t\t\t<\/div>\n\t\t\t\t<\/div>\n\t\t<div class=\"elementor-element elementor-element-bb09ed8 e-con-full e-flex e-con e-child\" data-id=\"bb09ed8\" data-element_type=\"container\">\n\t\t\t\t<div class=\"elementor-element elementor-element-832f4d4 elementor-widget elementor-widget-text-editor\" data-id=\"832f4d4\" data-element_type=\"widget\" data-widget_type=\"text-editor.default\">\n\t\t\t\t<div class=\"elementor-widget-container\">\n\t\t\t<style>\/*! elementor - v3.21.0 - 26-05-2024 *\/\n.elementor-widget-text-editor.elementor-drop-cap-view-stacked .elementor-drop-cap{background-color:#69727d;color:#fff}.elementor-widget-text-editor.elementor-drop-cap-view-framed .elementor-drop-cap{color:#69727d;border:3px solid;background-color:transparent}.elementor-widget-text-editor:not(.elementor-drop-cap-view-default) .elementor-drop-cap{margin-top:8px}.elementor-widget-text-editor:not(.elementor-drop-cap-view-default) .elementor-drop-cap-letter{width:1em;height:1em}.elementor-widget-text-editor .elementor-drop-cap{float:left;text-align:center;line-height:1;font-size:50px}.elementor-widget-text-editor .elementor-drop-cap-letter{display:inline-block}<\/style>\t\t\t\t<p class=\"p1\"><span style=\"color: #000000;\"><i>En Belgique, l\u2019<strong>ost\u00e9opathie<\/strong> est une m\u00e9decine non conventionnelle reconnue aux droits du patient (2002), \u00e0 l\u2019exercice des professions de la sant\u00e9 (2015) et \u00e0 la qualit\u00e9 de la pratique des soins de sant\u00e9 (2019). <\/i><i><\/i><\/span><\/p><p class=\"p1\"><span style=\"color: #000000;\"><i>Par une approche scientifique rigoureuse et la finesse des examens palpatoires, l\u2019ost\u00e9opathie d\u00e9tecte les restrictions fonctionnelles des syst\u00e8mes et la qualit\u00e9 des tissus: ce sont les dysfonctions m\u00e9caniques. <\/i><i><\/i><\/span><\/p><p class=\"p1\"><span style=\"color: #000000;\"><i>C\u2019est une <strong>m\u00e9decine pr\u00e9ventive et curative<\/strong> dont le principal objectif est de r\u00e9tablir la mobilit\u00e9 et la motilit\u00e9 des structures du corps.,<\/i><i><\/i><\/span><\/p><p class=\"p1\"><span style=\"color: #000000;\"><i>Ost\u00e9o-myo-articulaires, fasciales (syst\u00e8me pari\u00e9tal)<\/i><i><\/i><\/span><\/p><p class=\"p1\"><span style=\"color: #000000;\"><i>Les organes visc\u00e9raux (syst\u00e8me visc\u00e9ral) et sutures fascio-cr\u00e2niennes (syst\u00e8me cr\u00e2nien)<\/i><i><\/i><\/span><\/p><p class=\"p1\"><span style=\"color: #000000;\"><i>Cela permet une lib\u00e9ralisation de la circulation sanguine et lymphatique qui favorise l\u2019oxyg\u00e9nation et les \u00e9changes m\u00e9taboliques entre tous les syst\u00e8mes du corps, l\u2019hom\u00e9ostasie. <span class=\"Apple-converted-space\">\u00a0 \u00a0<\/span><\/i><i><\/i><\/span><\/p><p class=\"p1\"><i><span style=\"color: #000000;\">Le patient est trait\u00e9 dans sa globalit\u00e9 corporelle par des <strong>techniques ost\u00e9opathiques multiples et adaptatives<\/strong> .<\/span> <\/i><i><\/i><\/p>\t\t\t\t\t\t<\/div>\n\t\t\t\t<\/div>\n\t\t\t\t<\/div>\n\t\t\t\t\t<\/div>\n\t\t\t\t<\/div>\n\t\t\t\t<\/div>\n\t\t","protected":false},"excerpt":{"rendered":"<p>En Belgique, l\u2019ost\u00e9opathie est une m\u00e9decine non conventionnelle reconnue aux droits du patient (2002), \u00e0 l\u2019exercice des professions de la sant\u00e9 (2015) et \u00e0 la qualit\u00e9 de la pratique des soins de sant\u00e9 (2019). Par une approche scientifique rigoureuse et la finesse des examens palpatoires, l\u2019ost\u00e9opathie d\u00e9tecte les restrictions fonctionnelles des syst\u00e8mes et la qualit\u00e9<\/p>\n","protected":false},"author":1,"featured_media":0,"parent":0,"menu_order":0,"comment_status":"closed","ping_status":"closed","template":"","meta":{"_monsterinsights_skip_tracking":false,"_monsterinsights_sitenote_active":false,"_monsterinsights_sitenote_note":"","_monsterinsights_sitenote_category":0,"footnotes":""},"class_list":["post-7175","page","type-page","status-publish","hentry"],"aioseo_notices":[],"_links":{"self":[{"href":"https:\/\/www.cpm-les-urchons.be\/index.php\/wp-json\/wp\/v2\/pages\/7175","targetHints":{"allow":["GET"]}}],"collection":[{"href":"https:\/\/www.cpm-les-urchons.be\/index.php\/wp-json\/wp\/v2\/pages"}],"about":[{"href":"https:\/\/www.cpm-les-urchons.be\/index.php\/wp-json\/wp\/v2\/types\/page"}],"author":[{"embeddable":true,"href":"https:\/\/www.cpm-les-urchons.be\/index.php\/wp-json\/wp\/v2\/users\/1"}],"replies":[{"embeddable":true,"href":"https:\/\/www.cpm-les-urchons.be\/index.php\/wp-json\/wp\/v2\/comments?post=7175"}],"version-history":[{"count":11,"href":"https:\/\/www.cpm-les-urchons.be\/index.php\/wp-json\/wp\/v2\/pages\/7175\/revisions"}],"predecessor-version":[{"id":7502,"href":"https:\/\/www.cpm-les-urchons.be\/index.php\/wp-json\/wp\/v2\/pages\/7175\/revisions\/7502"}],"wp:attachment":[{"href":"https:\/\/www.cpm-les-urchons.be\/index.php\/wp-json\/wp\/v2\/media?parent=7175"}],"curies":[{"name":"wp","href":"https:\/\/api.w.org\/{rel}","templated":true}]}}